 the hundred millions digit of 641672717?
6
What is the hundred millions digit of 6096389640?
0
What is the hundreds digit of 7434676?
6
What is the hundred thousands digit of 441753835?
7
What is the millions digit of 62716796?
2
What is the hundreds digit of 66928966?
9
What is the ten millions digit of 6229776742?
2
What is the units digit of 55699933?
3
What is the ten millions digit of 41935050?
4
What is the thousands digit of 18779097?
9
What is the thousands digit of 55785114?
5
What is the hundred thousands digit of 60421200?
4
What is the ten thousands digit of 1865949397?
4
What is the units digit of 2719924866?
6
What is the tens digit of 303319892?
9
What is the thousands digit of 34823825?
3
What is the thousands digit of 24040184?
0
What is the millions digit of 6056480950?
6
What is the ten thousands digit of 165086452?
8
What is the ten millions digit of 35449669?
3
What is the ten thousands digit of 6524569510?
6
What is the millions digit of 84577733?
4
What is the ten thousands digit of 408766295?
6
What is the thousands digit of 792793066?
3
What is the units digit of 1393929928?
8
What is the hundred thousands digit of 765916928?
9
What is the tens digit of 6677548915?
1
What is the tens digit of 3223401827?
2
What is the millions digit of 333082813?
3
What is the hundred thousands digit of 553786755?
7
What is the ten millions digit of 13985685?
1
What is the hundred thousands digit of 126193898?
1
What is the hundred thousands digit of 684889049?
8
What is the tens digit of 35076937?
3
What is the units digit of 127645191?
1
What is the ten thousands digit of 254347967?
4
What is the tens digit of 188293027?
2
What is the units digit of 127105537?
7
What is the millions digit of 551916400?
1
What is the hundreds digit of 1610429041?
0
What is the units digit of 127155723?
3
What is the ten millions digit of 3086413202?
8
What is the thousands digit of 173908242?
8
What is the hundred thousands digit of 40262156?
2
What is the hundreds digit of 84096730?
7
What is the ten thousands digit of 19184409?
8
What is the ten thousands digit of 1694667833?
6
What is the hundred thousands digit of 820062204?
0
What is the hundred thousands digit of 30406539?
4
What is the ten thousands digit of 33378378?
7
What is the hundred thousands digit of 36205898?
2
What is the units digit of 296615030?
0
What is the thousands digit of 1261529898?
9
What is the thousands digit of 628163828?
3
What is the ten millions digit of 44438646?
4
What is the millions digit of 307823387?
7
What is the hundred thousands digit of 253766740?
7
What is the units digit of 1345557152?
2
What is the tens digit of 345850144?
4
What is the ten thousands digit of 333131289?
3
What is the tens digit of 76434455?
5
What is the ten thousands digit of 411274875?
7
What is the units digit of 1029774339?
9
What is the thousands digit of 7024098896?
8
What is the hundreds digit of 163991147?
1
What is the hundred millions digit of 144588547?
1
What is the hundred millions digit of 208703251?
2
What is the millions digit of 600993980?
0
What is the millions digit of 28329450?
8
What is the billions digit of 1433989302?
1
What is the units digit of 111349514?
4
What is the hundred thousands digit of 6069398?
0
What is the tens digit of 6134479?
7
What is the thousands digit of 354478902?
8
What is the millions digit of 1025844827?
5
What is the ten thousands digit of 348576532?
7
What is the ten millions digit of 3725107986?
2
What is the hundred millions digit of 203095365?
2
What is the hundred millions digit of 200845059?
2
What is the ten millions digit of 415943688?
1
What is the hundred thousands digit of 114754654?
7
What is the hundred thousands digit of 355986530?
9
What is the ten millions digit of 46943731?
4
What is the ten thousands digit of 167035590?
3
What is the billions digit of 2323757719?
2
What is the ten thousands digit of 17202397?
0
What is the tens digit of 214477769?
6
What is the thousands digit of 144477138?
7
What is the thousands digit of 68985517?
5
What is the hundred millions digit of 162436942?
1
What is the thousands digit of 6450015547?
5
What is the tens digit of 285123750?
5
What is the thousands digit of 92782767?
2
What is the units digit of 49466670?
0
What is the hundred millions digit of 390613266?
3
What is the ten thousands digit of 218284498?
8
What is the thousands digit of 774897974?
7
What is the millions digit of 171924649?
1
What is the hundred millions digit of 141766177?
1
What is the units digit of 68831541?
1
What is the hundred thousands digit of 884177458?
1
What is the thousands digit of 2908801842?
1
What is the ten millions digit of 5686764779?
8
What is the ten thousands digit of 2046832189?
3
What is the ten millions digit of 2416169961?
1
What is the units digit of 4732588112?
2
What is the hundred thousands digit of 4339455630?
4
What is the billions digit of 3504001835?
3
What is the thousands digit of 37210645?
0
What is the hundred millions digit of 128060194?
1
What is the hundreds digit of 509002117?
1
What is the hundred thousands digit of 42651450?
6
What is the hundreds digit of 13930892?
8
What is the millions digit of 217009149?
7
What is the ten millions digit of 72701887?
7
What is the millions digit of 73791649?
3
What is the thousands digit of 243419321?
9
What is the hundreds digit of 647703773?
7
What is the ten thousands digit of 9412216612?
1
What is the units digit of 3090221645?
5
What is the hundred thousands digit of 662768999?
7
What is the ten thousands digit of 276291185?
9
What is the hundred thousands digit of 7209046948?
0
What is the ten thousands digit of 235236687?
3
What is the ten millions digit of 2368504202?
6
What is the hundreds digit of 36153508?
5
What is the tens digit of 259826544?
4
What is the hundred thousands digit of 151979625?
9
What is the ten thousands digit of 523274658?
7
What is the units digit of 69987076?
6
What is the millions digit of 96841938?
6
What is the billions digit of 4513779437?
4
What is the hundred millions digit of 1897946614?
8
What is the ten thousands digit of 3177529372?
2
What is the tens digit of 2086099113?
1
What is the thousands digit of 2859981905?
1
What is the tens digit of 1114838681?
8
What is the thousands digit of 73235494?
5
What is the hundred thousands digit of 350961454?
9
What is the hundreds digit of 7225757?
7
What is the millions digit of 1904109398?
4
What is the units digit of 1190973241?
1
What is the millions digit of 241850269?
1
What is the thousands digit of 145326723?
6
What is the hundreds digit of 1414302345?
3
What is the ten thousands digit of 246916297?
1
What is the hundred millions digit of 317882046?
3
What is the units digit of 243224794?
4
What is the ten thousands digit of 24214667?
1
What is the millions digit of 223741653?
3
What is the millions digit of 1920969553?
0
What is the ten thousands digit of 27157031?
5
What is the hundred thousands digit of 21201835?
2
What is the ten thousands digit of 385170481?
7
What is the tens digit of 2998756324?
2
What is the millions digit of 6294869?
6
What is the units digit of 630849800?
0
What is the units digit of 130276100?
0
What is the ten thousands digit of 16091633?
9
What is the units digit of 1276515763?
3
What is the ten millions digit of 44333386?
4
What is the hundred thousands digit of 26785003?
7
What is the hundreds digit of 67847136?
1
What is the ten millions digit of 326929680?
2
What is the units digit of 78190163?
3
What is the thousands digit of 394719?
4
What is the hundreds digit of 1018144535?
5
What is the millions digit of 2472272589?
2
What is the ten millions digit of 1530781342?
3
What is the hundreds digit of 17979027?
0
What is the ten thousands digit of 784133532?
3
What is the ten thousands digit of 162237911?
3
What is the units digit of 46972862?
2
What is the thousands digit of 52876658?
6
What is the ten millions digit of 129502956?
2
What is the hundred thousands digit of 45923973?
9
What is the ten millions digit of 23350127?
2
What is the tens digit of 1466311433?
3
What is the hundred millions digit of 1478801863?
4
What is the ten thousands digit of 3196485297?
8
What is the units digit of 2630986179?
9
What